e z(11). Calculate the greatest common divisor of 77 and k.
11
Let u = 54 - -36. Calculate the highest common factor of 10 and u.
10
Suppose 0 = p - 5*j - 17 - 38, 100 = p + 4*j. What is the greatest common factor of 10 and p?
10
Let d be ((-3)/(-6))/(1/22). What is the greatest common divisor of 121 and d?
11
Let z be 1/((-4)/(-56)) - 3. What is the highest common factor of z and 77?
11
Let x = -76 + 128. What is the highest common factor of 208 and x?
52
Suppose 0 = 2*z + 3*i - 7 + 18, 14 = z - 5*i. Let b be z/(-2) + (-1182)/(-12). What is the highest common divisor of 11 and b?
11
Let f(j) = 18*j - 5 - 4 + 5. Suppose -3*x - 20 + 29 = 0. Let l be f(x). What is the greatest common factor of 10 and l?
10
Suppose 2*p + 2 = 3*p. Suppose -p*s - 5*g + 105 = 0, -3*g - 48 = -s - g. Calculate the highest common divisor of s and 20.
10
Let n = -1 + 3. Let o(d) = 2*d**3 - 2*d**2 + 2*d + 1. Let m be o(n). Calculate the highest common divisor of 130 and m.
13
Suppose 0 = -x + 2 + 1. Suppose x*p - 8*p + 10 = 0. Let u(z) = 2*z**3 + z**2 + z + 2. Let m be u(p). What is the highest common factor of m and 6?
6
Let i(x) = x**2 + 21. Let v be i(0). What is the greatest common divisor of 63 and v?
21
Let t(b) = -9*b + 6. Let y be t(-11). Suppose -8 - 202 = -5*n. Calculate the highest common factor of y and n.
21
Let j = 17 + -10. Calculate the greatest common divisor of 77 and j.
7
Let u = 78 + -45. Calculate the greatest common factor of 297 and u.
33
Let c be (-138)/(-9) + 1/(-3). What is the greatest common divisor of 120 and c?
15
Let u(z) = 105*z**2 - 2. Let n be u(-2). Suppose 0 = b - 2*b + 4*d + 209, -2*b - 5*d = -n. Calculate the greatest common divisor of 19 and b.
19
Let i(m) = -m**2 - 5*m - 4. Let t be i(-3). Suppose -5*u + 48 = -22. What is the highest common factor of t and u?
2
Let q be -2 + -1 + (12 - -12). Calculate the greatest common factor of q and 21.
21
Suppose -5*t = -2*g + 5*g - 188, 2*g = 5*t + 92. Calculate the highest common factor of g and 8.
8
Let k be (3/(-6))/(1/2). Let a(l) be the first derivative of 40*l**3 + l**2/2 + l + 1. Let u be a(k). Calculate the greatest common divisor of u and 15.
15
Suppose h = -4*v + 64, 4*v = 5*h + 5*v - 225. What is the highest common factor of 22 and h?
22
Suppose -4*x + 29 = r - 3*x, x = 3*r - 71. Calculate the greatest common divisor of r and 5.
5
Suppose -9*q + 5*q = -60. Calculate the greatest common divisor of 60 and q.
15
Let s(n) = -2*n**2 + 2. Let f be s(-3). Let i = f + 28. Suppose -4*c = w, -30 = 3*w - 6*w + 3*c. Calculate the highest common factor of i and w.
4
Suppose -x = -2*f - 1, 54 = 4*x - f + 3*f. Suppose -h - 11 = 14. Let m = 58 + h. What is the greatest common divisor of x and m?
11
Let f(l) = l**3 + 5*l**2 + 4*l + 4. Let s(j) = j - 1. Let z be s(-2). Let t be f(z). Let u = t - -6. What is the greatest common factor of u and 40?
8
Suppose 3*l - 255 = 3*w, -6*w = l - w - 103. Suppose l = -2*m + 3*m. Suppose -32 - 8 = -5*b. What is the highest common factor of b and m?
8
Let q(k) = -k**3 - 4*k**2 - 6. Let a be q(-5). What is the greatest common divisor of 57 and a?
19
Suppose -3*k = -0*k - 15. What is the highest common factor of 40 and k?
5
Suppose 0 = 6*f - 180 + 48. Calculate the greatest common divisor of 22 and f.
22
Let d be (-1 + -4)*(-6)/(-15). Let u(q) = q + 1. Let t(z) = 2*z - 3. Let w(h) = -t(h) - 5*u(h). Let x be w(d). Calculate the highest common divisor of 2 and x.
2
Let k be (-5)/(-20) - 837/(-12). Let v be 0*2/((-8)/(-2)). Let r be v + -10*(-3 - -2). Calculate the greatest common factor of r and k.
10
Suppose 4*l - 2*l = -106. Let c = l - -81. What is the highest common divisor of 4 and c?
4
Let n(o) be the first derivative of 1 + 4*o**2 + 0*o - 7/3*o**3 + 1/4*o**4. Let m be n(6). What is the highest common divisor of 120 and m?
12
Suppose -2*t + 15 = -t. Let q = 35 + t. What is the greatest common divisor of q and 20?
10
Let w = -7 + 11. Suppose w*d - 2 = -3*a - 242, -2*d = -2*a - 160. Let n be a/(-6) + (-3)/9. What is the highest common divisor of 39 and n?
13
Let b(j) = -4 + 4 + j**2 - 7. Let n be b(-5). What is the highest common divisor of 45 and n?
9
Suppose -62 = -5*s - 2. Suppose -5*v - 2 = -s. Let n = 5 - v. Calculate the greatest common divisor of 6 and n.
3
Let f = 11 + -4. Let g(d) = 6*d + 7. Let a be g(f). Suppose -4*u + 7 + a = 0. Calculate the highest common divisor of u and 28.
14
Let i = 19 + -41. Let h = -14 - i. Calculate the greatest common divisor of h and 4.
4
Suppose -2*m - 60 = -7*m. Let c = 232 + -196. Calculate the highest common factor of c and m.
12
Suppose 5*u - 2*h = 40, h - 25 = -0*u - 2*u. Calculate the highest common factor of u and 10.
10
Let q(c) = 2*c + 0*c + 5 - 3*c. Let h be q(-5). What is the highest common factor of h and 90?
10
Let r(s) = 11*s + 1. Let l be r(4). Let g be ((-2)/6)/((-5)/l). Calculate the greatest common divisor of 9 and g.
3
Let m = -80 + 87. Calculate the greatest common factor of m and 21.
7
Let l(r) = -r**3 + 7*r**2 - 3*r - 1. Let m(s) = 2*s**2 + 2*s + 2. Let w be m(-2). Let i be l(w). What is the highest common factor of i and 85?
17
Let i = -52 - -61. Suppose -3*u + 0*b + 4*b = -96, 5*b = 4*u - 129. What is the highest common divisor of u and i?
9
Let d(q) = q**2 + 20*q - 11. Let s be d(-21). What is the highest common factor of s and 15?
5
Let v = -58 + 102. Suppose -53 = -3*i - 4*j, i + 4*i - 80 = -5*j. What is the greatest common divisor of v and i?
11
Suppose 18 + 114 = 3*p. Let l be 5 - 2 - (-3 + 2). Calculate the greatest common factor of l and p.
4
Suppose 2 = -o + 1. Let w be o/3 + (-104)/(-6). Suppose -4*a - a + 91 = 2*q, 2*a + q = 37. What is the greatest common factor of w and a?
17
Let l(k) = k**2 + 3*k + 2. Let b be l(-3). Suppose a = b*a - 13. Let z be 104*(-1 + 2)/1. Calculate the greatest common factor of z and a.
13
Suppose -2*w + 3*l = -3, -3*w - 5*l + 9 + 5 = 0. Calculate the highest common divisor of 24 and w.
3
Suppose 0 = 4*i + i + 10. Let g be (i/3)/((-2)/36). Suppose -4*t = -3*s + 308, 0*s - s + 104 = -t. What is the greatest common divisor of g and s?
12
Let l = 297 - 210. Suppose 0 = -q + l - 27. What is the greatest common divisor of 24 and q?
12
Let g(x) = -10*x + 10. Let m be g(-5). Let u = -12 - -24. Calculate the highest common divisor of u and m.
12
Let v = 6 + 3. Suppose 0 = 2*w + 4*o - 2, -o = -2*w - 6 + 3. Let p(l) = -79*l + 2. Let b be p(w). Calculate the greatest common factor of b and v.
9
Let v(m) = m**3 + 12*m**2 + 6*m - 22. Let z be v(-11). Calculate the highest common divisor of z and 363.
33
Let f(l) = -l + 15. Let b be f(7). Let x(r) = r**2 - 3*r + 8. Let t be x(3). Calculate the highest common factor of b and t.
8
Let r = -58 - -78. Calculate the greatest common divisor of 140 and r.
20
Let n be (-4)/6 - 5/(-3). Suppose 3 = -i + 5*g + 32, -n = i + g. Let s(k) = -k**3 - k. Let r be s(-1). Calculate the greatest common factor of r and i.
2
Let z be (-455)/4 + (-1)/4. Let p be -6*(z/9 + 2). Let o = -3 + 11. Calculate the greatest common divisor of o and p.
8
Let u be ((-2904)/(-110))/((-2)/(-10)). What is the highest common factor of u and 12?
12
Suppose -13*l = -11*l - 6. Calculate the greatest common divisor of l and 33.
3
Let r be 1*-2*(-1832)/16. Let g = r - 127. What is the highest common divisor of g and 17?
17
Let r(z) = -4*z**3 + z**2 - 3*z - 2. Let n be r(-2). Calculate the highest common factor of n and 16.
8
Let k(p) = -2*p + 10. Let n be k(-5). Calculate the highest common divisor of n and 100.
20
Suppose -g = -5*d - 90, 2*g - 3*d - 160 = 2*d. Suppose 0*x + 30 = 3*x. What is the highest common factor of g and x?
10
Let w = 7 + -2. Calculate the greatest common divisor of 15 and w.
5
Let y = 94 - -14. What is the greatest common factor of y and 12?
12
Suppose -4*p = p - 25. Let w = -3 + p. Suppose -2*f = w*f - 288. What is the highest common divisor of 8 and f?
8
Let s be (4 - 4) + (-4)/(-1). Let q = s + 4. What is the highest common factor of q and 2?
2
Let d(i) = 2 + 0*i**2 + 2*i**2 - 3*i**2 - 5. Let c be d(0). Let n = c + 17. What is the highest common factor of n and 21?
7
Let k = 24 - 4. Calculate the greatest common divisor of 60 and k.
20
Let v(s) = -s**2 - 13*s - 13. Let n be v(-7). What is the greatest common divisor of n and 145?
29
Let k 